{"id":94,"date":"2020-06-02T18:52:29","date_gmt":"2020-06-02T16:52:29","guid":{"rendered":"https:\/\/www.edeqec.sk\/?page_id=94"},"modified":"2021-04-17T09:53:46","modified_gmt":"2021-04-17T07:53:46","slug":"o-nas","status":"publish","type":"page","link":"https:\/\/www.edeqec.sk\/en\/","title":{"rendered":"About us"},"content":{"rendered":"<p class=\"has-white-color has-text-color\">___<\/p>\n\n\n\n<div class=\"wp-block-columns is-layout-flex wp-container-2\">\n<div class=\"wp-block-column is-layout-flow\" style=\"flex-basis:100%\">\n<div class=\"wp-block-image\"><figure class=\"alignleft size-large is-resized\"><img decoding=\"async\" src=\"https:\/\/www.edeqec.sk\/wp-content\/uploads\/2021\/04\/EDEQEC-150x200-1-edited.png\" alt=\"\" class=\"wp-image-260\" width=\"150\" srcset=\"https:\/\/www.edeqec.sk\/wp-content\/uploads\/2021\/04\/EDEQEC-150x200-1-edited.png 150w, https:\/\/www.edeqec.sk\/wp-content\/uploads\/2021\/04\/EDEQEC-150x200-1-edited-12x12.png 12w\" sizes=\"(max-width: 150px) 100vw, 150px\" \/><\/figure><\/div>\n\n\n\n<p class=\"has-white-color has-text-color\">___<\/p>\n\n\n\n<p class=\"has-text-color has-medium-font-size\" style=\"color:#b93f68\"><strong>EDUCATION FOR EQUALITY<\/strong><\/p>\n\n\n\n<p class=\"has-text-color has-medium-font-size\" style=\"color:#b93f68\"><strong>AND ECOLOGY &#8211; EDEQEC<\/strong><\/p>\n<\/div>\n<\/div>\n\n\n\n<p>Civic association <strong>Education for Equality and Ecology - Edeqec<\/strong> was founded in 2019 as a platform for educational activities and research in the field of <strong>human rights<\/strong>, <strong>social inequality<\/strong> and <strong>environmental justice<\/strong>.<\/p>\n\n\n\n<p>In the organisation, we:<\/p>\n\n\n\n<ul><li>raise awareness on human rights and related topics through non-formal and experiential learning programmes,<\/li><li>raise competences of professionals working with the youth,<\/li><li>empower young people to demand their rights as well as rights of persons that our society disadvantages the most,<\/li><li>design and implement research in the selected areas.<\/li><\/ul>\n\n\n\n<p>___<\/p>\n\n\n\n<h2 class=\"has-text-color has-normal-font-size wp-block-heading\" style=\"color:#b93f68\"><a href=\"https:\/\/www.edeqec.sk\/en\/o-nas\/nas-tim\/\">OUR TEAM<\/a><\/h2>\n\n\n\n<h2 class=\"has-text-color has-normal-font-size wp-block-heading\" style=\"color:#b93f68\"><a href=\"https:\/\/www.edeqec.sk\/en\/projekty\/\">PROJECTS<\/a><\/h2>\n\n\n\n<h2 class=\"has-text-color has-normal-font-size wp-block-heading\" style=\"color:#b93f68\"><a href=\"https:\/\/www.edeqec.sk\/en\/novinky\/\">NEWS<\/a><\/h2>\n\n\n\n<h2 class=\"has-text-color has-normal-font-size wp-block-heading\" style=\"color:#b93f68\"><a href=\"https:\/\/www.edeqec.sk\/en\/kontakt\/\">CONTACT<\/a><\/h2>\n\n\n\n<p><\/p>","protected":false},"excerpt":{"rendered":"<p>___ ___ EDUCATION FOR EQUALITY AND ECOLOGY &#8211; EDEQEC Ob\u010dianske zdru\u017eenie Education for Equality and Ecology &#8211; Edeqec sme zalo\u017eili v roku 2019 ako platformu pre vzdel\u00e1vacie aktivity a v\u00fdskum v oblasti \u013eudsk\u00fdch pr\u00e1v, soci\u00e1lnej nerovnosti a environment\u00e1lnej spravodlivosti. Prostredn\u00edctvom organiz\u00e1cie: zvy\u0161ujeme povedomie o vybran\u00fdch t\u00e9mach s d\u00f4razom na neform\u00e1lne a z\u00e1\u017eitkov\u00e9 u\u010denie, prehlbujeme kompetencie odborn\u00ed\u010dok a odborn\u00edkov pracuj\u00facich s ml\u00e1de\u017eou, aktivizujeme mlad\u00fdch \u013eud\u00ed, aby sa dom\u00e1hali vlastn\u00fdch pr\u00e1v a<\/p>\n<div class=\"belowpost\">\n<div class=\"postdate\">02\/06\/2020<\/div>\n<div><a class=\"more-link\" href=\"https:\/\/www.edeqec.sk\/en\/\">Read More<\/a><\/div>\n<\/p><\/div>","protected":false},"author":1,"featured_media":0,"parent":0,"menu_order":0,"comment_status":"closed","ping_status":"closed","template":"","meta":[],"yoast_head":"<!-- This site is optimized with the Yoast SEO plugin v20.8 - https:\/\/yoast.com\/wordpress\/plugins\/seo\/ -->\n<title>O n\u00e1s - Education for Equality and Ecology - EDEQEC<\/title>\n<meta name=\"robots\" content=\"index, follow, max-snippet:-1, max-image-preview:large, max-video-preview:-1\" \/>\n<link rel=\"canonical\" href=\"https:\/\/www.edeqec.sk\/en\/\" \/>\n<meta property=\"og:locale\" content=\"en_GB\" \/>\n<meta property=\"og:type\" content=\"article\" \/>\n<meta property=\"og:title\" content=\"O n\u00e1s - Education for Equality and Ecology - EDEQEC\" \/>\n<meta property=\"og:description\" content=\"___ ___ EDUCATION FOR EQUALITY AND ECOLOGY &#8211; EDEQEC Ob\u010dianske zdru\u017eenie Education for Equality and Ecology &#8211; Edeqec sme zalo\u017eili v roku 2019 ako platformu pre vzdel\u00e1vacie aktivity a v\u00fdskum v oblasti \u013eudsk\u00fdch pr\u00e1v, soci\u00e1lnej nerovnosti a environment\u00e1lnej spravodlivosti. Prostredn\u00edctvom organiz\u00e1cie: zvy\u0161ujeme povedomie o vybran\u00fdch t\u00e9mach s d\u00f4razom na neform\u00e1lne a z\u00e1\u017eitkov\u00e9 u\u010denie, prehlbujeme kompetencie odborn\u00ed\u010dok a odborn\u00edkov pracuj\u00facich s ml\u00e1de\u017eou, aktivizujeme mlad\u00fdch \u013eud\u00ed, aby sa dom\u00e1hali vlastn\u00fdch pr\u00e1v a 02\/06\/2020 Read More\" \/>\n<meta property=\"og:url\" content=\"https:\/\/www.edeqec.sk\/en\/\" \/>\n<meta property=\"og:site_name\" content=\"Education for Equality and Ecology - EDEQEC\" \/>\n<meta property=\"article:publisher\" content=\"https:\/\/www.facebook.com\/edeqec\" \/>\n<meta property=\"article:modified_time\" content=\"2021-04-17T07:53:46+00:00\" \/>\n<meta property=\"og:image\" content=\"https:\/\/www.edeqec.sk\/wp-content\/uploads\/2021\/04\/EDEQEC-150x200-1-edited.png\" \/>\n<meta name=\"twitter:card\" content=\"summary_large_image\" \/>\n<meta name=\"twitter:label1\" content=\"Estimated reading time\" \/>\n\t<meta name=\"twitter:data1\" content=\"1 minute\" \/>\n<script type=\"application\/ld+json\" class=\"yoast-schema-graph\">{\"@context\":\"https:\/\/schema.org\",\"@graph\":[{\"@type\":\"WebPage\",\"@id\":\"https:\/\/www.edeqec.sk\/\",\"url\":\"https:\/\/www.edeqec.sk\/\",\"name\":\"O n\u00e1s - Education for Equality and Ecology - EDEQEC\",\"isPartOf\":{\"@id\":\"https:\/\/www.edeqec.sk\/#website\"},\"datePublished\":\"2020-06-02T16:52:29+00:00\",\"dateModified\":\"2021-04-17T07:53:46+00:00\",\"breadcrumb\":{\"@id\":\"https:\/\/www.edeqec.sk\/#breadcrumb\"},\"inLanguage\":\"en-GB\",\"potentialAction\":[{\"@type\":\"ReadAction\",\"target\":[\"https:\/\/www.edeqec.sk\/\"]}]},{\"@type\":\"BreadcrumbList\",\"@id\":\"https:\/\/www.edeqec.sk\/#breadcrumb\",\"itemListElement\":[{\"@type\":\"ListItem\",\"position\":1,\"name\":\"Home\",\"item\":\"https:\/\/www.edeqec.sk\/\"},{\"@type\":\"ListItem\",\"position\":2,\"name\":\"O n\u00e1s\"}]},{\"@type\":\"WebSite\",\"@id\":\"https:\/\/www.edeqec.sk\/#website\",\"url\":\"https:\/\/www.edeqec.sk\/\",\"name\":\"Education for Equality and Ecology - EDEQEC\",\"description\":\"\",\"potentialAction\":[{\"@type\":\"SearchAction\",\"target\":{\"@type\":\"EntryPoint\",\"urlTemplate\":\"https:\/\/www.edeqec.sk\/?s={search_term_string}\"},\"query-input\":\"required name=search_term_string\"}],\"inLanguage\":\"en-GB\"}]}<\/script>\n<!-- \/ Yoast SEO plugin. -->","yoast_head_json":{"title":"O n\u00e1s - Education for Equality and Ecology - EDEQEC","robots":{"index":"index","follow":"follow","max-snippet":"max-snippet:-1","max-image-preview":"max-image-preview:large","max-video-preview":"max-video-preview:-1"},"canonical":"https:\/\/www.edeqec.sk\/en\/","og_locale":"en_GB","og_type":"article","og_title":"O n\u00e1s - Education for Equality and Ecology - EDEQEC","og_description":"___ ___ EDUCATION FOR EQUALITY AND ECOLOGY &#8211; EDEQEC Ob\u010dianske zdru\u017eenie Education for Equality and Ecology &#8211; Edeqec sme zalo\u017eili v roku 2019 ako platformu pre vzdel\u00e1vacie aktivity a v\u00fdskum v oblasti \u013eudsk\u00fdch pr\u00e1v, soci\u00e1lnej nerovnosti a environment\u00e1lnej spravodlivosti. Prostredn\u00edctvom organiz\u00e1cie: zvy\u0161ujeme povedomie o vybran\u00fdch t\u00e9mach s d\u00f4razom na neform\u00e1lne a z\u00e1\u017eitkov\u00e9 u\u010denie, prehlbujeme kompetencie odborn\u00ed\u010dok a odborn\u00edkov pracuj\u00facich s ml\u00e1de\u017eou, aktivizujeme mlad\u00fdch \u013eud\u00ed, aby sa dom\u00e1hali vlastn\u00fdch pr\u00e1v a 02\/06\/2020 Read More","og_url":"https:\/\/www.edeqec.sk\/en\/","og_site_name":"Education for Equality and Ecology - EDEQEC","article_publisher":"https:\/\/www.facebook.com\/edeqec","article_modified_time":"2021-04-17T07:53:46+00:00","og_image":[{"url":"https:\/\/www.edeqec.sk\/wp-content\/uploads\/2021\/04\/EDEQEC-150x200-1-edited.png"}],"twitter_card":"summary_large_image","twitter_misc":{"Estimated reading time":"1 minute"},"schema":{"@context":"https:\/\/schema.org","@graph":[{"@type":"WebPage","@id":"https:\/\/www.edeqec.sk\/","url":"https:\/\/www.edeqec.sk\/","name":"O n\u00e1s - Education for Equality and Ecology - EDEQEC","isPartOf":{"@id":"https:\/\/www.edeqec.sk\/#website"},"datePublished":"2020-06-02T16:52:29+00:00","dateModified":"2021-04-17T07:53:46+00:00","breadcrumb":{"@id":"https:\/\/www.edeqec.sk\/#breadcrumb"},"inLanguage":"en-GB","potentialAction":[{"@type":"ReadAction","target":["https:\/\/www.edeqec.sk\/"]}]},{"@type":"BreadcrumbList","@id":"https:\/\/www.edeqec.sk\/#breadcrumb","itemListElement":[{"@type":"ListItem","position":1,"name":"Home","item":"https:\/\/www.edeqec.sk\/"},{"@type":"ListItem","position":2,"name":"O n\u00e1s"}]},{"@type":"WebSite","@id":"https:\/\/www.edeqec.sk\/#website","url":"https:\/\/www.edeqec.sk\/","name":"Education for Equality and Ecology - EDEQEC","description":"","potentialAction":[{"@type":"SearchAction","target":{"@type":"EntryPoint","urlTemplate":"https:\/\/www.edeqec.sk\/?s={search_term_string}"},"query-input":"required name=search_term_string"}],"inLanguage":"en-GB"}]}},"_links":{"self":[{"href":"https:\/\/www.edeqec.sk\/en\/wp-json\/wp\/v2\/pages\/94"}],"collection":[{"href":"https:\/\/www.edeqec.sk\/en\/wp-json\/wp\/v2\/pages"}],"about":[{"href":"https:\/\/www.edeqec.sk\/en\/wp-json\/wp\/v2\/types\/page"}],"author":[{"embeddable":true,"href":"https:\/\/www.edeqec.sk\/en\/wp-json\/wp\/v2\/users\/1"}],"replies":[{"embeddable":true,"href":"https:\/\/www.edeqec.sk\/en\/wp-json\/wp\/v2\/comments?post=94"}],"version-history":[{"count":6,"href":"https:\/\/www.edeqec.sk\/en\/wp-json\/wp\/v2\/pages\/94\/revisions"}],"predecessor-version":[{"id":270,"href":"https:\/\/www.edeqec.sk\/en\/wp-json\/wp\/v2\/pages\/94\/revisions\/270"}],"wp:attachment":[{"href":"https:\/\/www.edeqec.sk\/en\/wp-json\/wp\/v2\/media?parent=94"}],"curies":[{"name":"wp","href":"https:\/\/api.w.org\/{rel}","templated":true}]}}

<p>___ ___ EDUCATION FOR EQUALITY AND ECOLOGY &#8211; EDEQEC Občianske združenie Education for Equality and Ecology &#8211; Edeqec sme založili v roku 2019 ako platformu pre vzdelávacie aktivity a výskum v oblasti ľudských práv, sociálnej nerovnosti a environmentálnej spravodlivosti. Prostredníctvom organizácie: zvyšujeme povedomie o vybraných témach s dôrazom na neformálne a zážitkové učenie, prehlbujeme kompetencie odborníčok a odborníkov pracujúcich s mládežou, aktivizujeme mladých ľudí, aby sa domáhali vlastných práv a</p>
<div class="belowpost">
<div class="postdate">02/06/2020</div>
<div><a class="more-link" href="https://www.edeqec.sk/en/">Read More</a></div>
</p></div>

<!-- This site is optimized with the Yoast SEO plugin v20.8 - https://yoast.com/wordpress/plugins/seo/ -->
<title>O nás - Education for Equality and Ecology - EDEQEC</title>
<meta name="robots" content="index, follow, max-snippet:-1, max-image-preview:large, max-video-preview:-1" />
<link rel="canonical" href="https://www.edeqec.sk/en/" />
<meta property="og:locale" content="en_GB" />
<meta property="og:type" content="article" />
<meta property="og:title" content="O nás - Education for Equality and Ecology - EDEQEC" />
<meta property="og:description" content="___ ___ EDUCATION FOR EQUALITY AND ECOLOGY &#8211; EDEQEC Občianske združenie Education for Equality and Ecology &#8211; Edeqec sme založili v roku 2019 ako platformu pre vzdelávacie aktivity a výskum v oblasti ľudských práv, sociálnej nerovnosti a environmentálnej spravodlivosti. Prostredníctvom organizácie: zvyšujeme povedomie o vybraných témach s dôrazom na neformálne a zážitkové učenie, prehlbujeme kompetencie odborníčok a odborníkov pracujúcich s mládežou, aktivizujeme mladých ľudí, aby sa domáhali vlastných práv a 02/06/2020 Read More" />
<meta property="og:url" content="https://www.edeqec.sk/en/" />
<meta property="og:site_name" content="Education for Equality and Ecology - EDEQEC" />
<meta property="article:publisher" content="https://www.facebook.com/edeqec" />
<meta property="article:modified_time" content="2021-04-17T07:53:46+00:00" />
<meta property="og:image" content="https://www.edeqec.sk/wp-content/uploads/2021/04/EDEQEC-150x200-1-edited.png" />
<meta name="twitter:card" content="summary_large_image" />
<meta name="twitter:label1" content="Estimated reading time" />
	<meta name="twitter:data1" content="1 minute" />
<script type="application/ld+json" class="yoast-schema-graph">{"@context":"https://schema.org","@graph":[{"@type":"WebPage","@id":"https://www.edeqec.sk/","url":"https://www.edeqec.sk/","name":"O nás - Education for Equality and Ecology - EDEQEC","isPartOf":{"@id":"https://www.edeqec.sk/#website"},"datePublished":"2020-06-02T16:52:29+00:00","dateModified":"2021-04-17T07:53:46+00:00","breadcrumb":{"@id":"https://www.edeqec.sk/#breadcrumb"},"inLanguage":"en-GB","potentialAction":[{"@type":"ReadAction","target":["https://www.edeqec.sk/"]}]},{"@type":"BreadcrumbList","@id":"https://www.edeqec.sk/#breadcrumb","itemListElement":[{"@type":"ListItem","position":1,"name":"Home","item":"https://www.edeqec.sk/"},{"@type":"ListItem","position":2,"name":"O nás"}]},{"@type":"WebSite","@id":"https://www.edeqec.sk/#website","url":"https://www.edeqec.sk/","name":"Education for Equality and Ecology - EDEQEC","description":"","potentialAction":[{"@type":"SearchAction","target":{"@type":"EntryPoint","urlTemplate":"https://www.edeqec.sk/?s={search_term_string}"},"query-input":"required name=search_term_string"}],"inLanguage":"en-GB"}]}</script>
<!-- / Yoast SEO plugin. -->

O nás - Education for Equality and Ecology - EDEQEC

___ ___ EDUCATION FOR EQUALITY AND ECOLOGY &#8211; EDEQEC Občianske združenie Education for Equality and Ecology &#8211; Edeqec sme založili v roku 2019 ako platformu pre vzdelávacie aktivity a výskum v oblasti ľudských práv, sociálnej nerovnosti a environmentálnej spravodlivosti. Prostredníctvom organizácie: zvyšujeme povedomie o vybraných témach s dôrazom na neformálne a zážitkové učenie, prehlbujeme kompetencie odborníčok a odborníkov pracujúcich s mládežou, aktivizujeme mladých ľudí, aby sa domáhali vlastných práv a 02/06/2020 Read More

O nás
